= -5*j - 5*i. Let f = j - -468. List the prime factors of f.
2, 3
Let b = 471 - 443. Suppose -b*t = -12*t - 15776. List the prime factors of t.
2, 17, 29
Let g = 2897 + 6867. List the prime factors of g.
2, 2441
Let y(j) = -6*j**2 - 500*j - 18. List the prime factors of y(-12).
2, 3, 853
Let x be (-4330)/(4*(-1)/6). Suppose -x = 6*b - 21*b. List the prime factors of b.
433
Let b(q) = 68*q + 319 + 284 - 495. What are the prime factors of b(12)?
2, 3, 7, 11
Let h = 1152 - 1155. Let o(s) be the second derivative of s**4/6 + s**3 + 3*s**2 + s. What are the prime factors of o(h)?
2, 3
Let u = 22180 + -6137. List the prime factors of u.
61, 263
Suppose 0 = 3*t - 3*v - 20937, 4*t + 4*v = 2*t + 13946. List the prime factors of t.
6977
Let g = -28538 + 62994. List the prime factors of g.
2, 59, 73
Let x(t) = -2*t**3 - 47*t**2 - 155*t + 95. List the prime factors of x(-29).
13841
Suppose -82852 = -4*c - 3*h, -5*c + 2*h = 3*h - 103576. List the prime factors of c.
2, 5179
Let g(s) = -326*s + 115. Let n be g(3). Let c = 1324 + n. What are the prime factors of c?
461
Let m = -1442 + 2931. List the prime factors of m.
1489
Let w = -39109 - -63357. What are the prime factors of w?
2, 7, 433
Let o = 27 + -33. What are the prime factors of ((-21)/o - 4) + 1315/10?
131
Suppose -9*r + 8*r = -15. Suppose r*c - 4851 = 5994. What are the prime factors of c?
3, 241
Suppose 17171 = 3*c + 3185 - 11760. What are the prime factors of c?
2, 7, 613
Let y be (-9)/(-6)*20/15. List the prime factors of (-12 - -8)/y + 518/1.
2, 3, 43
Let y(j) = 2*j**3 - 41*j**2 + 196*j + 12. Let q be y(6). Let p = -115 - -162. Let z = q + p. What are the prime factors of z?
191
Let w(m) = -m**3 + 82*m**2 + 83*m - 8. What are the prime factors of w(78)?
2, 15401
List the prime factors of (0 + 2974)/(-2*(2 - 3)).
1487
Suppose -4*f - 7*d + 20 = -19, -3*f = -4*d - 20. Suppose -f*v + 5*v - 4*q + 3763 = 0, -2*v + 5*q = -2478. What are the prime factors of v?
1249
Let h = 28312 - -11525. List the prime factors of h.
3, 7, 271
Suppose 0 = 4*n - 4, -5*o + 7*n = -10*o + 160872. What are the prime factors of o?
32173
Let l(x) = 20*x**3 - 3*x**2 + 2. Let u be l(2). Let b = 256 - u. Suppose 0 = -s + b - 2. What are the prime factors of s?
2, 13
What are the prime factors of 58 - 52 - (6 - -1)/((-15)/15300)?
2, 3, 397
Let k(i) = -7*i + 26. Let h be k(-4). Suppose h = n + 12. What are the prime factors of n?
2, 3, 7
Suppose -102*z - 858669 = -195*z. List the prime factors of z.
7, 1319
List the prime factors of 4 - 6/(54/(-154989)).
5, 13, 53
Suppose 3540 = 4*y - 0*u + 3*u, 0 = -3*y - 3*u + 2652. Suppose -3*f = -3*n - 6, 3*n = -2*f - 2*n + 18. Suppose f*w = -2*w + y. What are the prime factors of w?
2, 37
Suppose 2*k - 5*k = -165. Let x = k + -55. Suppose x = -5*u + 2*h + 60 + 115, -4*u = -4*h - 140. List the prime factors of u.
5, 7
Suppose 21 = 19*p - 16*p. Let c(i) = 5 + 10 + 0*i + 4*i. What are the prime factors of c(p)?
43
Suppose 35*o + 63*o = -29*o + 5299456. What are the prime factors of o?
2, 163
Let d(a) = 167*a**3 + 2*a**2 + 9*a + 16. What are the prime factors of d(6)?
2, 19, 953
Suppose 5*p - 99 = 4*p + 3*z, -5*z = p - 99. Suppose p*y - 101*y = -6. Suppose -5 = -4*d + 2*k + 11, 12 = y*k. List the prime factors of d.
2, 3
Let t(q) = 10853*q - 780. List the prime factors of t(4).
2, 73
Suppose 5025 + 2038 = c. What are the prime factors of c?
7, 1009
Let n = 11846 + -4148. What are the prime factors of n?
2, 3, 1283
Suppose -164955 = -3*i - 2*s, 219920 = -19*i + 23*i + 6*s. List the prime factors of i.
11, 4999
List the prime factors of -3 + (-108)/(-33) + (-3116988)/(-341).
3, 11, 277
Suppose 8*a + 2 = 9*a. Suppose a*v = 73 + 269. Suppose k + 58 - v = 0. List the prime factors of k.
113
Let u be 6/4 + (-15)/(-10). Let t(d) = 21*d - 6*d + 2*d**2 + 7 - u*d**2. What are the prime factors of t(8)?
3, 7
Suppose 5*l - 203 = 4*w, 4*l + 5 = -l. Let t be ((21 - 117)/(-16))/(2/32*1). Let u = t + w. List the prime factors of u.
2, 11
Let i(d) be the first derivative of 4*d**3/3 - 12*d**2 + 19*d + 53. What are the prime factors of i(11)?
239
Let o(a) = -a**3 - 16*a**2 - 16*a - 13. Let m be o(-15). Let f(b) = m*b - 42 - 11 + 3*b + 17. List the prime factors of f(11).
19
Suppose -3*z + 53 - 196 = 5*h, 4*z - 4*h = -212. Let c(j) = j - 29. Let a be c(8). Let x = a - z. List the prime factors of x.
2, 3, 5
Suppose 2*f + 3*o = 34, -f + 2*o = 1 - 4. Suppose -40 = 10*s - f*s. List the prime factors of s/(-70) - 410/(-7).
2, 29
Let r(i) = 205*i**2 + 49*i - 78. List the prime factors of r(9).
2, 3, 7, 101
Suppose -380*c = -341*c - 578448. List the prime factors of c.
2, 3, 103
Let w be (-105)/70 - (-1 - 1687/2). Let b = 1233 - w. What are the prime factors of b?
2, 3, 5, 13
Let b(a) = -a**3 + 5*a**2 + 19*a - 33. Let o be b(7). What are the prime factors of -5 + 458/o*1?
2, 7
Let v be -1*10/2 - -12. List the prime factors of (v + -77)*(73 - -2)/(-5).
2, 3, 5, 7
Let b(x) = 131*x - 13. Let o(i) = -393*i + 39. Let d(m) = -7*b(m) - 2*o(m). What are the prime factors of d(-1)?
2, 3
Suppose 0 = -18*c - 11*c + 87. List the prime factors of 2/c*-2 - 6576/(-18).
2, 7, 13
Let f(t) = -4*t - 8. Let m(y) = 1. Let l(j) = -2*f(j) - 18*m(j). Let a be l(-2). Let h = -15 - a. List the prime factors of h.
3
Let p(l) = 10*l**2 + 2*l + 1. Let t be p(-1). What are the prime factors of (-1)/(-1)*5418/t?
2, 7, 43
Suppose 11088 = 4*p + 4*c, -34*p + 91224 = -p - 3*c. What are the prime factors of p?
5, 7, 79
Let t = 23 - 30. Let n(h) = -4*h**3 - 6*h**2 + 3*h - 49. Let z be n(t). Suppose 4*u + 2*k = 766 + 234, 4*u - 2*k - z = 0. What are the prime factors of u?
251
List the prime factors of 2/(2746198/305130 + -9).
3, 5, 1453
Let u be ((-6 + -1)/(-1))/1. Suppose -6*t + u*t - 3*p - 191 = 0, 4 = -2*p. What are the prime factors of t?
5, 37
Let q(z) = -11 + 2*z**2 - 21 - 45*z + 33*z. Let v be q(15). Let g = v + -133. What are the prime factors of g?
3, 5, 7
Let a(r) = 662*r - 786. What are the prime factors of a(29)?
2, 4603
Let p(d) = -d**3 - 11*d**2 - 8*d + 27. Let k be p(-10). Suppose -k*f + 3980 = 3*f. What are the prime factors of f?
2, 199
Let h = 149 + -127. What are the prime factors of 60*58/h - (-2)/(-11)?
2, 79
Let f(k) = -9*k + 437. Let p be f(49). Let b(r) be the first derivative of 7*r**3/3 + 3*r**2 + 5*r + 2. What are the prime factors of b(p)?
3, 31
Let f = 54048 - 32416. What are the prime factors of f?
2, 13
Suppose j - 18 = -2*n, -5*n + 42 = j - 6. Let m(x) = 75*x + 79. List the prime factors of m(n).
829
Suppose 40*u + 20 = 45*u. Let l be (u - 0) + 1 + 198. Suppose 595 = 4*g + l. What are the prime factors of g?
2, 7
Suppose -151*r + 3929100 - 2382710 = -8078803. List the prime factors of r.
63743
List the prime factors of -1 + -6 - (13 - -41616)/(-7).
2, 3, 5, 11
Suppose -4*n = l - 4904, 4*l + 45*n - 42*n - 19577 = 0. What are the prime factors of l?
2, 1223
Let n(x) = 1502*x - 2503. What are the prime factors of n(9)?
5, 2203
Let i = -4 + -1. Let r be i/(-25) + ((-36)/5 - 2). Let g = r + 50. What are the prime factors of g?
41
Suppose -14933090 = -89*n - 369*n. List the prime factors of n.
5, 6521
Let z = -1840 - -3939. Suppose -3*q - 3*f = -1554, 7*q - 5*f - z = 3*q. What are the prime factors of q?
521
Let x(n) = -n**2 - 12*n + 2. Let h be x(-12). Suppose 5*l - 3113 = h*q - 655, l = q + 494. What are the prime factors of l?
2, 5, 7
Let f(z) = -27 + 12*z - 6 - 3. Let t(d) = -11*d**2 - 37*d - 6. Let c be t(-3). What are the prime factors of f(c)?
2, 3
Suppose -6*q = 3*q + 90. What are the prime factors of ((-12)/5)/(q/5175)?
2, 3, 23
Let q = 35 - 33. Suppose 0 = -2*l + 4*v, 2*v - 3 = q*l - 3*v. Let j(z) = z + 17. What are the prime factors of j(l)?
23
Suppose 290 = -2*s + 7*s + 5*r, 0 = -4*s - 3*r + 236. Suppose -59*w - 3078 = -s*w. What are the prime factors of w?
2, 3, 19
Suppose -4*g = -3*z - 231 + 71, 3*z + 117 = 3*g. Let b = 138 - g. What are the prime factors of b?
5, 19
Let t(o) = 143*o**2 + 4*o - 5. Let c be t(1). Suppose -4*s + 4*l = -104, 3*l - 36 = -2*s + l. Suppose c + s = 4*a. What are the prime factors of a?
41
Suppose -9*x + 162019 + 280610 = 0. List the prime factors of x.
11, 17, 263
Suppose -58*q + 172663 = -123369. List the prime factors of q.
2, 11, 29
Suppose -2*o + 8180 = -92*x + 101*x, 5 = -o. List